{"id":253,"date":"2023-07-24T07:44:46","date_gmt":"2023-07-24T14:44:46","guid":{"rendered":"https:\/\/sheriff.venturacounty.gov\/?page_id=253"},"modified":"2024-02-05T21:12:37","modified_gmt":"2024-02-06T05:12:37","slug":"sheriff-james-fryhoff","status":"publish","type":"page","link":"https:\/\/sheriff.venturacounty.gov\/es\/welcome\/sheriff-james-fryhoff\/","title":{"rendered":"El alguacil James Fryhoff"},"content":{"rendered":"<div data-elementor-type=\"wp-page\" data-elementor-id=\"253\" class=\"elementor elementor-253\" data-elementor-post-type=\"page\">\n\t\t\t\t<div class=\"elementor-element elementor-element-b8a496c e-flex e-con-boxed e-con e-parent\" data-id=\"b8a496c\" data-element_type=\"container\">\n\t\t\t\t\t<div class=\"e-con-inner\">\n\t\t\t\t<div class=\"elementor-element elementor-element-a7db847 elementor-widget elementor-widget-heading\" data-id=\"a7db847\" data-element_type=\"widget\" data-widget_type=\"heading.default\">\n\t\t\t\t<div class=\"elementor-widget-container\">\n\t\t\t\t\t<h1 class=\"elementor-heading-title elementor-size-default\">El alguacil James Fryhoff<\/h1>\t\t\t\t<\/div>\n\t\t\t\t<\/div>\n\t\t\t\t\t<\/div>\n\t\t\t\t<\/div>\n\t\t<div class=\"elementor-element elementor-element-d9f46dd e-flex e-con-boxed e-con e-parent\" data-id=\"d9f46dd\" data-element_type=\"container\">\n\t\t\t\t\t<div class=\"e-con-inner\">\n\t\t<div class=\"elementor-element elementor-element-cd84bed e-con-full e-flex e-con e-child\" data-id=\"cd84bed\" data-element_type=\"container\">\n\t\t\t\t<div class=\"elementor-element elementor-element-5dd3a47 elementor-widget__width-initial elementor-widget-mobile__width-initial elementor-widget elementor-widget-image\" data-id=\"5dd3a47\" data-element_type=\"widget\" data-widget_type=\"image.default\">\n\t\t\t\t<div class=\"elementor-widget-container\">\n\t\t\t\t\t\t\t\t\t\t\t\t\t\t\t<img fetchpriority=\"high\" decoding=\"async\" width=\"768\" height=\"960\" src=\"https:\/\/sheriff.venturacounty.gov\/wp-content\/uploads\/2023\/07\/DSC_9658-Sheriff-8X10-768x960-1.jpg\" class=\"attachment-full size-full wp-image-271\" alt=\"James Fryhoff\" srcset=\"https:\/\/sheriff.venturacounty.gov\/wp-content\/uploads\/2023\/07\/DSC_9658-Sheriff-8X10-768x960-1.jpg 768w, https:\/\/sheriff.venturacounty.gov\/wp-content\/uploads\/2023\/07\/DSC_9658-Sheriff-8X10-768x960-1-480x600.jpg 480w\" sizes=\"(max-width: 768px) 100vw, 768px\" \/>\t\t\t\t\t\t\t\t\t\t\t\t\t\t\t<\/div>\n\t\t\t\t<\/div>\n\t\t\t\t<div class=\"elementor-element elementor-element-0192af0 elementor-widget elementor-widget-heading\" data-id=\"0192af0\" data-element_type=\"widget\" data-widget_type=\"heading.default\">\n\t\t\t\t<div class=\"elementor-widget-container\">\n\t\t\t\t\t<h1 class=\"elementor-heading-title elementor-size-default\">Sigue al Sheriff Fryhoff en las redes sociales<\/h1>\t\t\t\t<\/div>\n\t\t\t\t<\/div>\n\t\t\t\t<div class=\"elementor-element elementor-element-722a84c elementor-shape-rounded elementor-grid-0 e-grid-align-center elementor-widget elementor-widget-social-icons\" data-id=\"722a84c\" data-element_type=\"widget\" data-widget_type=\"social-icons.default\">\n\t\t\t\t<div class=\"elementor-widget-container\">\n\t\t\t\t\t\t\t<div class=\"elementor-social-icons-wrapper elementor-grid\" role=\"list\">\n\t\t\t\t\t\t\t<span class=\"elementor-grid-item\" role=\"listitem\">\n\t\t\t\t\t<a class=\"elementor-icon elementor-social-icon elementor-social-icon-facebook elementor-repeater-item-6b66fc8\" href=\"https:\/\/www.facebook.com\/SheriffJimFryhoff\/\" target=\"_blank\">\n\t\t\t\t\t\t<span class=\"elementor-screen-only\">Facebook<\/span>\n\t\t\t\t\t\t<i aria-hidden=\"true\" class=\"fab fa-facebook\"><\/i>\t\t\t\t\t<\/a>\n\t\t\t\t<\/span>\n\t\t\t\t\t\t\t<span class=\"elementor-grid-item\" role=\"listitem\">\n\t\t\t\t\t<a class=\"elementor-icon elementor-social-icon elementor-social-icon-twitter elementor-repeater-item-61895cf\" href=\"https:\/\/twitter.com\/SheriffFryhoff\/\" target=\"_blank\">\n\t\t\t\t\t\t<span class=\"elementor-screen-only\">Gorjeo<\/span>\n\t\t\t\t\t\t<i aria-hidden=\"true\" class=\"fab fa-twitter\"><\/i>\t\t\t\t\t<\/a>\n\t\t\t\t<\/span>\n\t\t\t\t\t\t\t<span class=\"elementor-grid-item\" role=\"listitem\">\n\t\t\t\t\t<a class=\"elementor-icon elementor-social-icon elementor-social-icon-instagram elementor-repeater-item-14dff0a\" href=\"https:\/\/www.instagram.com\/sheriffjimfryhoff\/\" target=\"_blank\">\n\t\t\t\t\t\t<span class=\"elementor-screen-only\">Instagram<\/span>\n\t\t\t\t\t\t<i aria-hidden=\"true\" class=\"fab fa-instagram\"><\/i>\t\t\t\t\t<\/a>\n\t\t\t\t<\/span>\n\t\t\t\t\t\t\t<span class=\"elementor-grid-item\" role=\"listitem\">\n\t\t\t\t\t<a class=\"elementor-icon elementor-social-icon elementor-social-icon-linkedin elementor-repeater-item-26b545d\" href=\"https:\/\/www.linkedin.com\/in\/james-fryhoff-01960314\" target=\"_blank\">\n\t\t\t\t\t\t<span class=\"elementor-screen-only\">Linkedin<\/span>\n\t\t\t\t\t\t<i aria-hidden=\"true\" class=\"fab fa-linkedin\"><\/i>\t\t\t\t\t<\/a>\n\t\t\t\t<\/span>\n\t\t\t\t\t<\/div>\n\t\t\t\t\t\t<\/div>\n\t\t\t\t<\/div>\n\t\t\t\t<\/div>\n\t\t<div class=\"elementor-element elementor-element-a4f8e34 e-flex e-con-boxed e-con e-child\" data-id=\"a4f8e34\" data-element_type=\"container\">\n\t\t\t\t\t<div class=\"e-con-inner\">\n\t\t\t\t<div class=\"elementor-element elementor-element-e757c76 elementor-widget elementor-widget-text-editor\" data-id=\"e757c76\" data-element_type=\"widget\" data-widget_type=\"text-editor.default\">\n\t\t\t\t<div class=\"elementor-widget-container\">\n\t\t\t\t\t\t\t\t\t<p>El sheriff James \u201cJim\u201d Fryhoff creci\u00f3 en Pasadena, California. Jim era cadete de polic\u00eda en el Departamento de Polic\u00eda de Pasadena antes de mudarse al condado de Ventura. Jim se mud\u00f3 al condado de Ventura cuando se uni\u00f3 a la Oficina del Sheriff del condado de Ventura en 1990.<\/p><p>Jim ha trabajado en una variedad de tareas con la Oficina del Sheriff, incluidos servicios de detenci\u00f3n, patrullaje, cumplimiento especial, investigaciones y prevenci\u00f3n del delito.<\/p><p>Tambi\u00e9n se desempe\u00f1\u00f3 como ayudante de dos alguaciles en funciones. Fue subdirector en Thousand Oaks, jefe de polic\u00eda de Ojai y capit\u00e1n de \u00e1rea del valle de Ojai, jefe de polic\u00eda de Thousand Oaks y comandante de operaciones de la Divisi\u00f3n de Servicios de Detenci\u00f3n, que supervisa el Centro de Detenci\u00f3n Preventiva, la C\u00e1rcel de Todd Road, la Oficina de Servicios Judiciales, el Centro de Justicia Juvenil y el Palacio de Justicia y la C\u00e1rcel de East Valley.<\/p><p>Adem\u00e1s de las tareas principales de Jim que se enumeran, ha trabajado en numerosas tareas colaterales. Las tareas colaterales son deberes que existen dentro de la Oficina del Sheriff pero que no requieren un puesto de tiempo completo. Es a trav\u00e9s de las tareas colaterales que los miembros de la Oficina del Sheriff pueden lograr tanto y devolverle algo a la agencia y apoyar a su comunidad. Jim fue oficial de patrulla en bicicleta, jefe de equipo de la unidad a\u00e9rea, oficial de informaci\u00f3n de prensa, asesor de exploradores, coordinador adjunto de la reserva, oficial de capacitaci\u00f3n de campo y se desempe\u00f1\u00f3 como gerente de nuestro equipo de apoyo entre pares.<\/p><p>Jim est\u00e1 casado con su esposa, Traci. Tienen dos hijas, Vanessa y Savannah. Jim recibi\u00f3 su licenciatura en Educaci\u00f3n Vocacional con \u00e9nfasis en teor\u00eda del aprendizaje de adultos en la Universidad Estatal de San Diego, una maestr\u00eda en Liderazgo Administrativo en la Universidad de Oklahoma y se gradu\u00f3 de la Academia Nacional del FBI Sesi\u00f3n 261 en septiembre de 2015. Jim recibi\u00f3 dos veces el premio Diputado del A\u00f1o y recibi\u00f3 la Medalla al Valor en 1997.<\/p><p>Jim est\u00e1 entusiasmado por marcar el comienzo de una nueva energ\u00eda en la Oficina del Sheriff y est\u00e1 entusiasmado por liderar a m\u00e1s de 1300 empleados y numerosos voluntarios dentro de la Oficina del Sheriff.<\/p><p><span style=\"text-decoration: underline;\"><strong>Mensajes archivados del sheriff al p\u00fablico<\/strong><\/span><\/p><p><a href=\"https:\/\/s29762.pcdn.co\/wp-content\/uploads\/2022\/12\/Fryhoff-Welcome-Letter-Day-1-NEW-SIG.png\">Mensaje del primer d\u00eda de los alguaciles, 2 de enero de 2023<\/a><\/p><p><a href=\"https:\/\/sheriff.venturacounty.gov\/es\/7-pillars\/\">Los 7 pilares del Sheriff 8\/2\/2023<\/a><\/p><p><a href=\"https:\/\/sheriff.venturacounty.gov\/es\/memphis\/\">Mensaje del sheriff sobre Memphis 9\/2\/2023<\/a><\/p>\t\t\t\t\t\t\t\t<\/div>\n\t\t\t\t<\/div>\n\t\t\t\t\t<\/div>\n\t\t\t\t<\/div>\n\t\t\t\t\t<\/div>\n\t\t\t\t<\/div>\n\t\t<div class=\"elementor-element elementor-element-58dd2be e-flex e-con-boxed e-con e-parent\" data-id=\"58dd2be\" data-element_type=\"container\">\n\t\t\t\t\t<div class=\"e-con-inner\">\n\t\t\t\t\t<\/div>\n\t\t\t\t<\/div>\n\t\t\t\t<\/div>","protected":false},"excerpt":{"rendered":"<p>Follow Sheriff Fryhoff on Social Media Facebook Twitter Instagram Linkedin Sheriff James \u201cJim\u201d Fryhoff grew up in Pasadena, California.\u00a0 Jim was a police cadet with the Pasadena Police Department prior [&hellip;]<\/p>\n","protected":false},"author":6,"featured_media":0,"parent":252,"menu_order":0,"comment_status":"closed","ping_status":"closed","template":"","meta":{"footnotes":""},"class_list":["post-253","page","type-page","status-publish","hentry"],"_links":{"self":[{"href":"https:\/\/sheriff.venturacounty.gov\/es\/wp-json\/wp\/v2\/pages\/253","targetHints":{"allow":["GET"]}}],"collection":[{"href":"https:\/\/sheriff.venturacounty.gov\/es\/wp-json\/wp\/v2\/pages"}],"about":[{"href":"https:\/\/sheriff.venturacounty.gov\/es\/wp-json\/wp\/v2\/types\/page"}],"author":[{"embeddable":true,"href":"https:\/\/sheriff.venturacounty.gov\/es\/wp-json\/wp\/v2\/users\/6"}],"replies":[{"embeddable":true,"href":"https:\/\/sheriff.venturacounty.gov\/es\/wp-json\/wp\/v2\/comments?post=253"}],"version-history":[{"count":0,"href":"https:\/\/sheriff.venturacounty.gov\/es\/wp-json\/wp\/v2\/pages\/253\/revisions"}],"up":[{"embeddable":true,"href":"https:\/\/sheriff.venturacounty.gov\/es\/wp-json\/wp\/v2\/pages\/252"}],"wp:attachment":[{"href":"https:\/\/sheriff.venturacounty.gov\/es\/wp-json\/wp\/v2\/media?parent=253"}],"curies":[{"name":"gracias","href":"https:\/\/api.w.org\/{rel}","templated":true}]}}

<div data-elementor-type="wp-page" data-elementor-id="253" class="elementor elementor-253" data-elementor-post-type="page">
				<div class="elementor-element elementor-element-b8a496c e-flex e-con-boxed e-con e-parent" data-id="b8a496c" data-element_type="container">
					<div class="e-con-inner">
				<div class="elementor-element elementor-element-a7db847 elementor-widget elementor-widget-heading" data-id="a7db847" data-element_type="widget" data-widget_type="heading.default">
				<div class="elementor-widget-container">
					<h1 class="elementor-heading-title elementor-size-default">El alguacil James Fryhoff</h1>				</div>
				</div>
					</div>
				</div>
		<div class="elementor-element elementor-element-d9f46dd e-flex e-con-boxed e-con e-parent" data-id="d9f46dd" data-element_type="container">
					<div class="e-con-inner">
		<div class="elementor-element elementor-element-cd84bed e-con-full e-flex e-con e-child" data-id="cd84bed" data-element_type="container">
				<div class="elementor-element elementor-element-5dd3a47 elementor-widget__width-initial elementor-widget-mobile__width-initial elementor-widget elementor-widget-image" data-id="5dd3a47" data-element_type="widget" data-widget_type="image.default">
				<div class="elementor-widget-container">
															<img fetchpriority="high" decoding="async" width="768" height="960" src="https://sheriff.venturacounty.gov/wp-content/uploads/2023/07/DSC_9658-Sheriff-8X10-768x960-1.jpg" class="attachment-full size-full wp-image-271" alt="James Fryhoff" srcset="https://sheriff.venturacounty.gov/wp-content/uploads/2023/07/DSC_9658-Sheriff-8X10-768x960-1.jpg 768w, https://sheriff.venturacounty.gov/wp-content/uploads/2023/07/DSC_9658-Sheriff-8X10-768x960-1-480x600.jpg 480w" sizes="(max-width: 768px) 100vw, 768px" />															</div>
				</div>
				<div class="elementor-element elementor-element-0192af0 elementor-widget elementor-widget-heading" data-id="0192af0" data-element_type="widget" data-widget_type="heading.default">
				<div class="elementor-widget-container">
					<h1 class="elementor-heading-title elementor-size-default">Sigue al Sheriff Fryhoff en las redes sociales</h1>				</div>
				</div>
				<div class="elementor-element elementor-element-722a84c elementor-shape-rounded elementor-grid-0 e-grid-align-center elementor-widget elementor-widget-social-icons" data-id="722a84c" data-element_type="widget" data-widget_type="social-icons.default">
				<div class="elementor-widget-container">
							<div class="elementor-social-icons-wrapper elementor-grid" role="list">
							<span class="elementor-grid-item" role="listitem">
					<a class="elementor-icon elementor-social-icon elementor-social-icon-facebook elementor-repeater-item-6b66fc8" href="https://www.facebook.com/SheriffJimFryhoff/" target="_blank">
						<span class="elementor-screen-only">Facebook</span>
						<i aria-hidden="true" class="fab fa-facebook"></i>					</a>
				</span>
							<span class="elementor-grid-item" role="listitem">
					<a class="elementor-icon elementor-social-icon elementor-social-icon-twitter elementor-repeater-item-61895cf" href="https://twitter.com/SheriffFryhoff/" target="_blank">
						<span class="elementor-screen-only">Gorjeo</span>
						<i aria-hidden="true" class="fab fa-twitter"></i>					</a>
				</span>
							<span class="elementor-grid-item" role="listitem">
					<a class="elementor-icon elementor-social-icon elementor-social-icon-instagram elementor-repeater-item-14dff0a" href="https://www.instagram.com/sheriffjimfryhoff/" target="_blank">
						<span class="elementor-screen-only">Instagram</span>
						<i aria-hidden="true" class="fab fa-instagram"></i>					</a>
				</span>
							<span class="elementor-grid-item" role="listitem">
					<a class="elementor-icon elementor-social-icon elementor-social-icon-linkedin elementor-repeater-item-26b545d" href="https://www.linkedin.com/in/james-fryhoff-01960314" target="_blank">
						<span class="elementor-screen-only">Linkedin</span>
						<i aria-hidden="true" class="fab fa-linkedin"></i>					</a>
				</span>
					</div>
						</div>
				</div>
				</div>
		<div class="elementor-element elementor-element-a4f8e34 e-flex e-con-boxed e-con e-child" data-id="a4f8e34" data-element_type="container">
					<div class="e-con-inner">
				<div class="elementor-element elementor-element-e757c76 elementor-widget elementor-widget-text-editor" data-id="e757c76" data-element_type="widget" data-widget_type="text-editor.default">
				<div class="elementor-widget-container">
									<p>El sheriff James “Jim” Fryhoff creció en Pasadena, California. Jim era cadete de policía en el Departamento de Policía de Pasadena antes de mudarse al condado de Ventura. Jim se mudó al condado de Ventura cuando se unió a la Oficina del Sheriff del condado de Ventura en 1990.</p><p>Jim ha trabajado en una variedad de tareas con la Oficina del Sheriff, incluidos servicios de detención, patrullaje, cumplimiento especial, investigaciones y prevención del delito.</p><p>También se desempeñó como ayudante de dos alguaciles en funciones. Fue subdirector en Thousand Oaks, jefe de policía de Ojai y capitán de área del valle de Ojai, jefe de policía de Thousand Oaks y comandante de operaciones de la División de Servicios de Detención, que supervisa el Centro de Detención Preventiva, la Cárcel de Todd Road, la Oficina de Servicios Judiciales, el Centro de Justicia Juvenil y el Palacio de Justicia y la Cárcel de East Valley.</p><p>Además de las tareas principales de Jim que se enumeran, ha trabajado en numerosas tareas colaterales. Las tareas colaterales son deberes que existen dentro de la Oficina del Sheriff pero que no requieren un puesto de tiempo completo. Es a través de las tareas colaterales que los miembros de la Oficina del Sheriff pueden lograr tanto y devolverle algo a la agencia y apoyar a su comunidad. Jim fue oficial de patrulla en bicicleta, jefe de equipo de la unidad aérea, oficial de información de prensa, asesor de exploradores, coordinador adjunto de la reserva, oficial de capacitación de campo y se desempeñó como gerente de nuestro equipo de apoyo entre pares.</p><p>Jim está casado con su esposa, Traci. Tienen dos hijas, Vanessa y Savannah. Jim recibió su licenciatura en Educación Vocacional con énfasis en teoría del aprendizaje de adultos en la Universidad Estatal de San Diego, una maestría en Liderazgo Administrativo en la Universidad de Oklahoma y se graduó de la Academia Nacional del FBI Sesión 261 en septiembre de 2015. Jim recibió dos veces el premio Diputado del Año y recibió la Medalla al Valor en 1997.</p><p>Jim está entusiasmado por marcar el comienzo de una nueva energía en la Oficina del Sheriff y está entusiasmado por liderar a más de 1300 empleados y numerosos voluntarios dentro de la Oficina del Sheriff.</p><p><span style="text-decoration: underline;"><strong>Mensajes archivados del sheriff al público</strong></span></p><p><a href="https://s29762.pcdn.co/wp-content/uploads/2022/12/Fryhoff-Welcome-Letter-Day-1-NEW-SIG.png">Mensaje del primer día de los alguaciles, 2 de enero de 2023</a></p><p><a href="https://sheriff.venturacounty.gov/es/7-pillars/">Los 7 pilares del Sheriff 8/2/2023</a></p><p><a href="https://sheriff.venturacounty.gov/es/memphis/">Mensaje del sheriff sobre Memphis 9/2/2023</a></p>								</div>
				</div>
					</div>
				</div>
					</div>
				</div>
		<div class="elementor-element elementor-element-58dd2be e-flex e-con-boxed e-con e-parent" data-id="58dd2be" data-element_type="container">
					<div class="e-con-inner">
					</div>
				</div>
				</div>
